 t(o) = o**3 - 3*o**2 + 3*o. Let v be t(2). Suppose -b + 2*b - v = 0. Suppose b = -a + 6. Let s(x) = -x**3 + 4*x**2 + 4*x - 6. Give s(a).
10
Let a(r) = -r**3 + r + 2. Suppose -4*m + 15 = -3*d, -3*m - m - d = 5. Give a(m).
2
Let r be 4/(12/15) + -2. Suppose 4*t = -3*u, -2*u = -3*t + r*u. Let d(z) = -4*z + 1 + t*z + 0*z. What is d(2)?
-7
Let c(f) = 4*f**3 - 3*f**3 + f**2 + 3*f**2 + 1 + f. Let b be 14/(-4)*6/3. Let z = 4 + b. Give c(z).
7
Let u = -4 + 9. Let s(m) be the third derivative of 1/3*m**3 - m**2 + 0 + 0*m + 1/24*m**4. Calculate s(u).
7
Let g = 1 + 6. Let c = g + -10. Let r be 1*(-2 + 9/c). Let u(m) = m**3 + 5*m**2 + m + 6. What is u(r)?
1
Suppose -4*b + 16 = 0, -2*r = -0*r - 4*b + 12. Let o(m) = 46*m**2 - 13*m**2 - 17*m**2 + 2 - 3*m - 14*m**2. Determine o(r).
4
Let t be 1/(-3) + 4/3. Let u = t + 1. Suppose -6*w + u*w = 24. Let g(s) = s + 9. Calculate g(w).
3
Let n be (0 - -5) + (-2 - -1). Suppose 5*v = -5*k + 28 - 8, k = v. Let o(b) = 4*b**v + n*b - 2*b**2 - 3*b**2. Calculate o(3).
3
Suppose -3*o + 3*r + 15 = -0*o, o = -4*r - 5. Let z(n) be the first derivative of -1/4*n**4 + n**2 + 2 - 1/3*n**o + 2*n. Calculate z(-2).
2
Let x be (1*7)/(-1 - -2). Suppose x = 3*t + 4. Let q(m) = 4*m**2 - 1. Calculate q(t).
3
Let d(l) = l**2 + 7*l**2 + 1 - 4*l**2 - 6*l**2 - 4*l**3. Let c be (-1)/((2 + -1)/3). Let o = c + 4. Give d(o).
-5
Let m(k) = k**3 + 1. Let f(v) = -3*v**3 - 4*v**2 + 6*v - 3. Let g(p) = f(p) + 2*m(p). Suppose -5*h + 4*s - 33 = 0, -h + 0*h - 4*s + 3 = 0. Give g(h).
-6
Let i(q) = -q**3 - 7*q**2 - 6*q - 4. Let w be i(-6). Let j = -4 + 12. Let t(l) = -j + 0*l**2 + 5*l**2 + 4 + l + l**3. Calculate t(w).
8
Suppose 2*t + 2*a - 12 = 0, 0 = -2*t - 4*a - a + 27. Let v(b) be the third derivative of b**5/12 - b**4/24 + 2*b**2. Determine v(t).
4
Let p(i) = -i + 5. Let w be (-12)/(-8)*16/6. Let d(c) = -9*c + 15. Let l(y) = -5*y + 8. Let s(a) = 3*d(a) - 5*l(a). Let b(r) = w*s(r) - 5*p(r). What is b(-4)?
7
Let j be 14 - -4 - (1 - -1). Let m be 22/(-4)*(-5 + 3). Let i = m - j. Let g(t) = -t - 1. Calculate g(i).
4
Let a(l) be the first derivative of -l**3/3 - 3*l**2 + 11*l + 3. Give a(-8).
-5
Let n = -1 - -1. Let c(a) be the first derivative of a**4/4 + a**3/3 - a**2/2 + 7*a - 7. What is c(n)?
7
Suppose 4*y = -3*y - 35. Let b(u) = u**2 + 5*u - 5. Calculate b(y).
-5
Let h(m) = 4*m**2 + 9*m - 8. Let y(l) = 5*l**2 + 10*l - 9. Let g(t) = 4*h(t) - 3*y(t). Suppose -14 = 2*n + 4*d, -5*d + 21 + 7 = -4*n. Give g(n).
2
Let v(s) be the third derivative of s**6/120 - 3*s**5/20 + 3*s**4/8 - 7*s**3/6 - 26*s**2. What is v(8)?
1
Let f(a) = 3 + 2 - 2*a**2 - 5 + 1. Suppose 1 = -3*q - 5. Give f(q).
-7
Let c(x) = 2*x - 7. Let t be c(5). Let y(d) = 5 - 7*d**2 - 2 - 4*d + 2. Let j(n) = 4*n**2 + 2*n - 3. Let a(s) = t*y(s) + 5*j(s). Determine a(-4).
-8
Let c be (14/(-8))/(1/(-4)). Let u = c + -5. Let h(d) = -6*d**2 + 6*d**u - 2*d**3 - d - 1. Give h(-1).
2
Suppose 5*y + 12 = 4*k, 2*k - 15 = -3*k + 2*y. Let a(v) = 3*v + 2. Determine a(k).
11
Let l(z) = 0*z - 3*z - 2 + z. Calculate l(-5).
8
Let r(v) = 2*v**3 + 4*v**2 + 2*v. Let o be r(-2). Let a(n) = 1 - 2*n + 5 + 6*n - 3*n**2 - n**3. Calculate a(o).
6
Let s be -3 - 1*(3 - 1). Let a(b) = -b**3 - b + 1. Let c(g) = -6*g**3 - 5*g**2 - 7*g + 3. Let v(o) = -5*a(o) + c(o). Determine v(s).
8
Let j(l) = 3*l - 9. Let s(v) = v - 3. Let c(k) = 2*j(k) - 7*s(k). Let y(q) = 2*q - 4 + 0*q + 3 + q**2 + 2*q. Let u be y(-5). Calculate c(u).
-1
Let d(g) = -g**3 - 2*g**2 + 4*g + 1. Let w(j) = 2*j**2 - 8*j - 12. Let z be w(5). Let s = -5 - z. Give d(s).
-2
Let w(t) be the first derivative of -5*t + 1/2*t**2 - 2 + 1/4*t**4 + 0*t**3. Let d be (2 - 2)/((-2)/(-1)). Determine w(d).
-5
Suppose 3*d - 3 = 0, 2*i + d - 41 = -3*i. Let l(o) = o - 5. Calculate l(i).
3
Let x(g) be the third derivative of g**5/20 - g**4/12 + 14*g**2. Let a = 4 - 2. Give x(a).
8
Let p(l) be the third derivative of l**7/5040 + l**5/30 - 2*l**2. Let j(a) be the third derivative of p(a). Let i = 70 + -67. What is j(i)?
3
Let h(y) = 9*y + 9. Let x(t) be the first derivative of -2*t**2 - 4*t - 9. Let s(u) = 3*h(u) + 7*x(u). What is s(2)?
-3
Let v = -18 - -20. Let m(p) = -2 - 2*p - 12*p**v + 7 - 4. What is m(1)?
-13
Suppose 0 = -s + 2. Suppose 9 = 2*h - h + 4*p, -3*h = s*p - 7. Let o(m) = -2*m + 3*m + 0*m + h. Give o(-1).
0
Let w(r) = -r**2 + 8*r + 2. Let v be w(7). Suppose 0 = -3*n - 2*k - v, k - 2*k - 7 = 2*n. Let c(f) = -f**2 - 4*f + 1. Determine c(n).
-4
Suppose b = -2*u - 9, 15 = 5*u + 4*b - 9*b. Let v(f) be the third derivative of -f**5/60 - f**4/24 + f**3/3 - 4*f**2. Give v(u).
0
Let d(g) = g**3 - g**2. Suppose 7 = 4*p - b, 4*p - 8*b + 13*b = 13. Determine d(p).
4
Let x(h) = -6*h**3 - 2*h**2 - 2*h + 5. Let w(d) = 11*d**3 + 3*d**2 + 4*d - 9. Let n = 17 + -13. Let l(o) = n*w(o) + 7*x(o). Determine l(1).
1
Let u(v) = 1. Let x(p) = -p - 11. Let a(t) = -4*u(t) - x(t). Give a(-5).
2
Let a(m) = -m**2 - 2*m - 2. Suppose -40 = 5*o + 5*w, 5*o - 6*w + w + 80 = 0. Let l be 14/(-4) + (-6)/o. Calculate a(l).
-5
Let q be (1 - 2)/(2/(-6)). Let u(y) = 0 + 2 - q - y. Let h = 95 - 92. Determine u(h).
-4
Let q(s) = 2*s - 2*s - s - 12. Let n = 15 + -15. Determine q(n).
-12
Let j = 0 + 3. Suppose -16 - 5 = j*g. Let m(l) = l**2 + 8*l - 1. What is m(g)?
-8
Let z be 3 - 4 - (0 - -1). Let y be z/3*(-18)/(-2). Let p(q) = 0*q**3 + 2*q**3 + 6*q**2 - q**3 - 6*q - q**2 - 5. Give p(y).
-5
Let c(n) = n + 6. Suppose 4*s - 6*s = 10. Determine c(s).
1
Let w = 7 + -10. Let k = w + 19. Suppose -k = 3*i + i. Let j(y) = -y**3 - 4*y**2 + 2*y - 2. Give j(i).
-10
Let p(z) = 11*z - 10. Let o be 9/(-2) + 2/4. Let h(t) be the first derivative of -5*t**2/2 + 5*t + 5. Let j(s) = o*p(s) - 9*h(s). Determine j(-4).
-9
Let o = 72 + -66. Let h(w) = w - 6. Let r(v) = -2*v + 12. Let f(n) = 5*h(n) + 2*r(n). Give f(o).
0
Suppose -5*f + 6 = -2*f. Let s(u) = 24*u - 22*u - 1 - 1. Determine s(f).
2
Let h(c) = -2*c + 1. Let r be (-21)/(-12) + 2/8. Suppose r = -2*a - 0*a. What is h(a)?
3
Let k(i) = i**2 + 10*i + 9. Suppose j - 4*v + 8 = 0, -2*v + 8 = -j + 3*v. Determine k(j).
-7
Let b(f) = -5*f**2 + 2*f. Let j(w) = 16*w**2 - 5*w - 1. Let g(i) = -7*b(i) - 2*j(i). What is g(2)?
6
Let p(u) be the third derivative of -u**4/12 - 2*u**3/3 + 3*u**2 + 5. Determine p(-4).
4
Let m(f) = -4*f - 1. Suppose 19*p = 21*p - 2. Let k be (1 + -3)*(-2)/2. Suppose -l + k*l = p. What is m(l)?
-5
Let h(p) = p**2 + p - 3. Let a = -55 - -58. Calculate h(a).
9
Let f(d) = 5*d - d - 6*d. Determine f(1).
-2
Let g be (-12)/4*5/(-3). Let t = 5 - 1. Suppose -t*v + g*v = -2. Let q(n) = -n**2 - n - 1. Give q(v).
-3
Let t(c) be the second derivative of 0 + 7*c + 1/4*c**4 - 1/6*c**3 + 0*c**2. Determine t(-1).
4
Let j(g) = -32*g**3 + 2*g**2 - 9*g + 2. Let k(m) = -16*m**3 + m**2 - 5*m + 1. Let f(i) = 3*j(i) - 5*k(i). Determine f(1).
-16
Let b(l) = -10*l**2 + 2*l - 1. Suppose 2*s + 8 = -0*s - 4*g, -2*g - 6 = 0. Let w be 0 - 8/(-2)*1. Suppose -s*r + w = 2*r. Give b(r).
-9
Let x(j) = 3*j**2 + j - 3. Let w(q) = -5*q**2 - 3*q + 5. Let p(b) = -4*w(b) - 7*x(b). Determine p(6).
-5
Let b(i) = 3*i + 3. Let c(w) = 13*w + 12. Let d(m) = 18*b(m) - 4*c(m). What is d(-4)?
-2
Suppose -46 = -4*g + r, -3*g + 46 = 5*r - 0*r. Let f be (-18)/g*(4 - 0). Let j(m) = -m**2 - 7*m + 3. Determine j(f).
9
Let u(r) = -7*r + 14. Let x(f) = 2*f - 5. Suppose 3*g - 14 = -5*z, 3*z + 1 = 5*g + 23. Let s(o) = z*u(o) + 11*x(o). Calculate s(-1).
7
Let g(h) = -h**3 - 4*h**2 + h + 4. Let d be g(-2). Let m(u) = u**2 + 6*u. What is m(d)?
0
Let p(h) be the first derivative of -h**3/3 - 3*h**2/2 + 8*h - 9. Determine p(-6).
-10
Let o(m) be the first derivative of 3*m**2/2 - m - 1. Calculate o(-4).
-13
Let n(v) be the third derivative of -v**5/60 + v**4/4 + v**3/6 - 43*v**2. Calculate n(7).
-6
Suppose 3*h - 3*n - 13 = -n, -2*h + 4*n - 2 = 0. Let j(i) = i**2 - 7*i - 2. Determine j(h).
-2
Let a(f) = -1 - 5 + f**2 + 1. Give a(0).
-5
Let n(j) be the third derivative of j**5/60 - j**4/6 + 13*j**2. Determine n(3).
-3
Let x(b) = 5*b + 2 - b + 1 - b - b**2. Let c(z) = -z**2 + 6*z + 10. Let s be c(7). Calculate x(s).
3
Let u(z) = -17*z**2 - 11*z - 15. Let k(o) = -8*o**2 - 5*o - 7. Let l be -6*(1/1 - 0). Let n(s) = l*u(s) + 13*k(s). Suppose -1 = 3*b - 4*b. Give n(b).
-2
Let j(w) = -w**3 - 6*w**2 - 4*w + 7. Let y be j(-5). Let k(m